hat is -12011330 (base 4) in base 15?
-75db
Convert 4550 (base 9) to base 13.
16bc
What is 2003 (base 5) in base 2?
11111101
What is 54a (base 14) in base 5?
13141
52645 (base 7) to base 3
122212011
-3144 (base 13) to base 7
-25605
-d06 (base 15) to base 6
-21323
677 (base 11) to base 12
576
What is 405 (base 12) in base 3?
210112
Convert 9b (base 15) to base 5.
1041
102c (base 15) to base 9
4616
What is -3163 (base 8) in base 12?
-b57
30010110 (base 4) to base 9
74720
Convert -431 (base 14) to base 2.
-1100111011
Convert -2120003 (base 5) to base 15.
-a853
Convert -c497 (base 16) to base 14.
-144ab
Convert -179 (base 13) to base 9.
-328
What is -11000001011 (base 2) in base 11?
-1187
What is 32 (base 16) in base 2?
110010
What is 6c8 (base 15) in base 11?
1179
Convert -23b6 (base 12) to base 16.
-fba
-c2d (base 15) to base 16
-ab7
-29 (base 12) to base 16
-21
What is -112636 (base 8) in base 16?
-959e
Convert -165 (base 7) to base 14.
-6c
Convert -682 (base 15) to base 14.
-772
-1a63 (base 12) to base 10
-3243
What is -15caa (base 15) in base 14?
-1b8da
33523 (base 7) to base 10
8494
12112 (base 5) to base 7
2434
Convert 33016 (base 7) to base 6.
102101
Convert 120320 (base 5) to base 6.
32352
Convert -428 (base 14) to base 7.
-2251
Convert 411 (base 5) to base 3.
10221
111011001010 (base 2) to base 6
25310
Convert 3264 (base 16) to base 5.
403100
Convert -131221 (base 4) to base 14.
-997
What is 232200 (base 4) in base 2?
101110100000
10011011101010 (base 2) to base 4
2123222
What is -6301 (base 7) in base 3?
-10000201
Convert -3768 (base 11) to base 3.
-20202000
-550 (base 10) to base 16
-226
Convert -1a (base 16) to base 3.
-222
Convert -3079 (base 11) to base 4.
-333233
-872 (base 13) to base 7
-4133
Convert 1079 (base 14) to base 4.
230203
Convert -21430 (base 5) to base 6.
-10522
Convert -2356 (base 13) to base 10.
-4972
What is -913 (base 11) in base 9?
-1455
What is 10304 (base 5) in base 15?
31e
8ab6 (base 13) to base 9
28562
Convert -2330 (base 15) to base 14.
-2a18
-dd5 (base 15) to base 16
-c35
Convert 319c (base 15) to base 3.
112101210
651 (base 8) to base 12
2b5
What is 4068 (base 9) in base 16?
ba2
Convert -10202 (base 3) to base 5.
-401
-4268 (base 13) to base 11
-6a15
220200 (base 3) to base 5
10131
Convert -93a (base 11) to base 6.
-5124
32102 (base 4) to base 9
1225
-682b (base 14) to base 2
-100011010010111
What is -120533 (base 6) in base 15?
-31e9
Convert 41062 (base 7) to base 8.
23407
Convert 22000 (base 3) to base 2.
11011000
-165721 (base 8) to base 7
-341001
What is -93 (base 14) in base 9?
-153
Convert -4043 (base 11) to base 7.
-21442
Convert -111 (base 14) to base 6.
-551
Convert -322140 (base 5) to base 10.
-10920
-2614 (base 12) to base 16
-10f0
Convert -103 (base 13) to base 11.
-147
What is 20b (base 12) in base 7?
605
What is -9bd8 (base 14) in base 4?
-12212202
Convert 1440 (base 9) to base 8.
2101
Convert -6bf (base 16) to base 7.
-5015
Convert 310a (base 12) to base 8.
12332
362 (base 10) to base 4
11222
Convert -1110000010001 (base 2) to base 11.
-5442
-26832 (base 11) to base 4
-21111333
Convert -11001000110 (base 2) to base 4.
-121012
1030 (base 6) to base 2
11101010
What is -2521 (base 6) in base 3?
-212011
Convert 3666 (base 7) to base 11.
1037
Convert -111101 (base 2) to base 8.
-75
Convert -1002213 (base 4) to base 15.
-13e3
Convert -1142 (base 16) to base 9.
-6048
-2438 (base 9) to base 12
-1075
1400 (base 12) to base 2
100100000000
Convert -202121 (base 3) to base 15.
-271
Convert -302100 (base 5) to base 16.
-25b2
What is -8807 (base 13) in base 10?
-18935
-8676 (base 10) to base 4
-2013210
-45 (base 13) to base 4
-321
What is 1100312 (base 4) in base 11?
3984
-1b3c0 (base 14) to base 9
-115122
What is -2033 (base 4) in base 12?
-bb
What is 857 (base 9) in base 14?
380
Convert -15334 (base 6) to base 12.
-154a
What is 110211 (base 3) in base 9?
424
What is 217 (base 13) in base 5?
2413
What is -9eb (base 16) in base 9?
-3431
-60464 (base 7) to base 4
-3210320
Convert 339a (base 12) to base 14.
2138
Convert 4aa (base 11) to base 12.
424
14d1 (base 15) to base 4
1011313
What is -2250 (base 6) in base 7?
-1362
-1020333 (base 5) to base 3
-212021110
What is 11020 (base 4) in base 6?
1304
55c (base 15) to base 10
1212
What is -60356 (base 7) in base 12?
-8542
What is -1516 (base 7) in base 13?
-373
What is -21202 (base 5) in base 15?
-652
Convert -2340 (base 5) to base 16.
-159
Convert 1033330 (base 4) to base 11.
3931
What is -f3c (base 16) in base 12?
-2310
What is -2102 (base 6) in base 12?
-332
Convert 348 (base 15) to base 11.
616
Convert -210 (base 3) to base 6.
-33
What is -121 (base 15) in base 16?
-100
Convert 82f5 (base 16) to base 11.
23208
-23206 (base 8) to base 15
-2dc7
1011020110 (base 3) to base 10
22773
What is 22200000 (base 3) in base 15?
1d13
Convert -166041 (base 8) to base 13.
-2168c
Convert 3944 (base 10) to base 14.
161a
Convert 22400 (base 6) to base 15.
e13
1554 (base 7) to base 12
443
What is -6ab (base 13) in base 10?
-1155
-56aa (base 11) to base 9
-11254
Convert -5bfa (base 16) to base 5.
-1223141
What is 115 (base 16) in base 13?
184
Convert -1000000010 (base 2) to base 10.
-514
What is 259 (base 16) in base 3?
211021
What is -12a9 (base 12) in base 10?
-2145
Convert 5214 (base 9) to base 12.
2264
Convert 904 (base 13) to base 10.
1525
What is -130210 (base 4) in base 11?
-1412
What is 33 (base 9) in base 3?
1010
-565 (base 7) to base 11
-246
What is -3a1e (base 15) in base 11?
-9357
2648 (base 11) to base 14
137a
What is 586 (base 9) in base 7?
1260
Convert 6024 (base 7) to base 16.
81c
What is 2eea (base 15) in base 11?
7670
Convert 2222233 (base 4) to base 5.
322202
-3230121 (base 4) to base 8
-35431
Convert -15a2 (base 16) to base 11.
-4185
What is -102 (base 15) in base 3?
-22102
Convert -22355 (base 6) to base 11.
-241a
What is -301112 (base 4) in base 6?
-22342
-31604 (base 7) to base 13
-3755
Convert -1011 (base 9) to base 2.
-1011100011
-14c (base 13) to base 10
-233
Convert 14068 (base 10) to base 5.
422233
What is 177656 (base 8) in base 2?
1111111110101110
Convert 1000110000 (base 2) to base 5.
4220
What is 432 (base 16) in base 13?
648
Convert 10e20 (base 16) to base 15.
15752
Convert 140 (base 9) to base 11.
a7
What is 12010111 (base 3) in base 7?
13621
-2792 (base 12) to base 16
-11de
-1330320 (base 4) to base 11
-6006
Convert -2368 (base 9) to base 2.
-11011100011
What is -2224 (base 6) in base 5?
-4040
Convert -64 (base 7) to base 2.
-101110
Convert -11012022 (base 3) to base 10.
-3059
aae (base 16) to base 10
2734
What is -1897 (base 10) in base 2?
-11101101001
What is -3a5 (base 11) in base 9?
-581
727 (base 9) to base 16
250
101110000100 (base 2) to base 13
145a
Convert -101001011 (base 2) to base 5.
-2311
What is 8922 (base 11) in base 2?
10110111110001
Convert 1016 (base 7) to base 8.
544
Convert -225 (base 11) to base 7.
-533
Convert 1c23 (base 13) to base 5.
114004
What is 1317 (base 8) in base 15?
32e
What is 32336 (base 7) in base 3?
102001122
1101010000110011 (base 2) to base 10
54323
Convert 1001001010100 (base 2) to base 12.
2870
Convert 118 (base 14) to base 7.
431
What is -62060 (base 7) in base 12?
-8912
45303 (base 6) to base 11
4876
Convert 42641 (base 7) to base 4.
2211311
What is 3012020 (base 4) in base 5?
401210
Convert -17246 (base 8) to base 14.
-2c06
What is -3124 (base 6) in base 14?
-380
What is -c714 (base 14) in base 9?
-52061
130136 (base 7) to base 4
11320112
What is 1110001101 (base 2) in base 11?
757
Convert -448 (base 12) to base 10.
-632
6d7 (base 14) to base 3
1212120
What is 265 (base 9) in base 16?
dd
Convert -1624 (base 11) to base 4.
-200203
What is 2004 (base 6) in base 7?
1162
-41220 (base 10) to base 7
-231114
-13320232 (base 4) to base 8
-77056
What is -22121201 (base 3) in base 9?
-8551
What is -2100 (base 12) in base 11?
-2783
Convert -54 (base 7) to base 16.
-27
Convert 14a30 (base 15) to base 3.
10101010000
-11264 (base 7) to base 8
-5510
Convert 1100000101100 (base 2) to base 11.
4716
What is -232023 (base 4) in base 12?
-1863
215 (base 11) to base 15
123
What is -10111010000 (base 2) in base 16?
-5d0
650 (base 15) to base 14
73b
1004 (base 10) to base 5
13004
Convert 11201010 (base 3) to base 4.
311